19 = -5*m, -12*m + 83 = 3*b - 7*m. What is the greatest common divisor of q and b?
18
Suppose -g - h = -5, -5*g + 7*h + 57 = 4*h. Suppose 4*w - 2*w = 0. Suppose -u - u = d - 195, w = -5*u - d + 492. What is the greatest common divisor of u and g?
9
Let o be 34/10 - (-4)/(-10). Suppose -o*d - d + 72 = 4*q, -2*q + 43 = -5*d. Calculate the greatest common factor of 19 and q.
19
Suppose t = 3 - 0. Suppose 4*z - 10 = 2*i, -3*i - z + 2 = -4*i. What is the highest common divisor of i and t?
1
Let a = -426 - -441. Suppose 5*u = -2*i + i + 87, 3*i + 45 = 3*u. Let n be u + -4 + 4/2. Calculate the highest common factor of n and a.
15
Let p be 19 + (-3)/9*3. Let i = -6 + 9. What is the highest common factor of i and p?
3
Let w(g) = -2*g + g + 140 - g + g. Let s be w(0). Let o be (3 - -3*(-4)/3) + 21. What is the highest common divisor of s and o?
20
Let s be -6 + -6 + 7 + (-3 - -28). Calculate the greatest common factor of s and 9.
1
Let m be (2/(-6))/(1/(-9)). Suppose g + 3*p = 6*g - 4, -4*p - 9 = -m*g. Let s be 36/(g/3 + 1). What is the highest common divisor of s and 27?
27
Let w = 3236 + -1796. Suppose -2*x + w = 7*x. What is the greatest common divisor of x and 32?
32
Suppose -146 - 49 = -4*r - u, 2*u - 54 = -r. Suppose 3*o + o - 384 = 0. Suppose -2*z - z = -o. What is the greatest common divisor of r and z?
16
Let o be (19 - 25)*(-1)/8*20. What is the greatest common factor of o and 3?
3
Let y(j) be the third derivative of -5*j**4/24 + 2*j**3 + 12*j**2. Let k be y(4). Let m = 24 + k. Calculate the highest common divisor of 48 and m.
16
Suppose 328 = 7*v - 134. Let l = -65 + v. What is the greatest common factor of l and 3?
1
Let y = 9 + 12. Let x(k) = 13*k + 39. Let c be x(-3). Suppose -20*j + y*j - 24 = c. What is the highest common divisor of 264 and j?
24
Let p = 11 - 18. Suppose 40 - 8 = 4*t. Let z = p + t. Calculate the highest common factor of 1 and z.
1
Let s(k) = k**3 + k**2 - 3*k + 483. Let l be s(0). What is the highest common divisor of l and 345?
69
Suppose 92 = -12*h + 140. What is the greatest common divisor of 68 and h?
4
Suppose 104*w = 108*w - 48. Let g = 25 + 23. Calculate the greatest common divisor of w and g.
12
Suppose -11*p = -572 + 363. Calculate the highest common divisor of p and 570.
19
Let s(k) = 6*k + 10. Let d(i) = 17*i + 29. Let m(n) = 4*d(n) - 11*s(n). Let h be m(12). Calculate the highest common divisor of h and 40.
10
Let p(k) = -7*k - 28. Let i = -17 + 11. Let t be p(i). What is the greatest common factor of 112 and t?
14
Let d(n) = -3*n + 6. Let x be d(-10). Let v = -34 + x. Calculate the highest common factor of 18 and v.
2
Let z = -9 + 17. Let k = z + -7. Suppose 4*t + 4*i - 32 = 0, -t + 2*i - k + 9 = 0. Calculate the highest common factor of t and 12.
4
Suppose -3*j + 114 - 3 = 0. Let h = -30 + j. Calculate the greatest common factor of h and 56.
7
Let o be 1/(-2)*-1*6. Suppose -o*n + 169 + 41 = 0. Let g = -82 + 92. What is the highest common divisor of n and g?
10
Suppose -10*y + 15 = -5*y. Suppose -5*m - 13 + 57 = -3*t, 2*t = y*m - 27. Calculate the highest common divisor of 1 and m.
1
Let i be 9*(1633/483 - 2/(-7)). Let y(b) = -b**3 - 4*b**2 - 2*b + 15. Let u be y(-6). Calculate the highest common divisor of u and i.
33
Let k = 51 - 32. Let x be (18/(-12))/(2/(-76)). Calculate the greatest common factor of k and x.
19
Let o be 465/21 - (-4 - 87/(-21)). Calculate the greatest common factor of o and 121.
11
Let j = -291 - -351. Let i(m) = -2 + 0 + m - 4*m. Let u be i(-4). What is the greatest common divisor of j and u?
10
Suppose j - 17 = 5*c + 147, -2*j + 308 = -5*c. Calculate the greatest common factor of j and 18.
18
Suppose 0 = -3*w + 11 + 10. Let z be 14/w - (-1 + -7). Calculate the highest common divisor of 10 and z.
10
Let t(j) = j**3 + 5*j**2 + 4*j + 5. Let w be t(-4). Suppose w = 5*m, -187 = -4*k - 3*m - 36. What is the highest common divisor of k and 407?
37
Suppose 0 = 2*o + 4 - 22. What is the highest common divisor of 261 and o?
9
Let x be (-48)/((16/(-20))/(6/5)). Suppose -w + 0*w = 0. Suppose w = -5*s + o + o + 42, o = -3*s + 23. Calculate the greatest common factor of x and s.
8
Suppose 0 = 2*x + 4*n - 890, -2*x + 4*n = -1105 + 215. What is the highest common divisor of x and 5?
5
Suppose 30*v + 1818 = 8118. What is the highest common divisor of 60 and v?
30
Let z = 250 - 202. What is the greatest common divisor of z and 80?
16
Let n = -53 + 59. Suppose -6*m + 53 = -73. What is the greatest common factor of m and n?
3
Let p be 10/4 - (-3)/6. Suppose p*k - 2*f = -0*k + 144, 4*k - 5*f = 192. Calculate the greatest common factor of 12 and k.
12
Let z be 2/5 + 9/15. Let f(a) = -a**3 + 2 - 5*a**2 + 9*a**2 - 12*a + 4*a**2. Let n be f(6). What is the highest common factor of n and z?
1
Let q(d) = 3*d**2 + 6*d + 3. Let u be q(-9). What is the greatest common factor of 72 and u?
24
Let v(p) be the first derivative of -p**4/4 + 3*p**2 + 7*p - 43. Let r be v(-3). Calculate the greatest common factor of r and 40.
8
Suppose 0 = 4*h - 4*w - 1376, -h + 483 = w + 139. What is the greatest common divisor of 86 and h?
86
Let z = -7 + 9. Let j = 37 - 18. Let d = j - 13. What is the highest common divisor of d and z?
2
Suppose -2*w + 563 = 5*u, -2*u = -0*u + w - 225. Suppose -u = 5*l - 6*l. Let p = l + -71. What is the highest common factor of p and 63?
21
Let u(q) = -3*q**2 - 28*q + 18. Let k be u(-6). Calculate the greatest common factor of 12 and k.
6
Let z be 4 + -7 - (-6 + 0). Let d be (-2)/8 + (-27)/(-12). Suppose -d*m + 325 = z*m. Calculate the greatest common factor of m and 26.
13
Let m be (99/12)/(3*(-5)/(-60)). What is the greatest common factor of 110 and m?
11
Suppose 5*c = -0*u + 4*u + 12, -3*c = 4*u - 20. Suppose -2*f = -c*f + 22. Calculate the greatest common factor of 55 and f.
11
Let o be 4/5*(-45)/(-2). Let p(q) = -q + 21. Let b be p(16). Suppose 0*w + b*u = -w + 139, w - u = 145. Calculate the greatest common divisor of o and w.
18
Suppose -4*t + 628 = 120. Suppose -5*o = -t - 333. What is the greatest common divisor of o and 46?
46
Let h(x) = -x - 5. Let q be 2/(-7) - (-329)/(-49). Let k = -16 - q. Let g be h(k). Calculate the greatest common factor of g and 36.
4
Let p(i) = -6 - i**3 - 6*i**2 - 4*i + 0*i**3 - 3*i + i**2. Let h be p(-5). Let d = h - -56. What is the highest common divisor of d and 17?
17
Suppose 0 = 5*a + 5, -3*b + 3*a - 13 = -5*b. Let h be ((-6)/(-2))/(6/16). Calculate the greatest common divisor of h and b.
8
Let a be (288/30)/((-3)/(-180)). What is the greatest common divisor of 180 and a?
36
Let z(q) = q**3 + 9*q**2 - 4*q + 8. Let a be z(-9). Calculate the highest common factor of a and 220.
44
Let i = -607 + 1117. Calculate the highest common divisor of 34 and i.
34
Let k = -10388 + 10451. Suppose -l = -2 - 12. What is the highest common divisor of l and k?
7
Let b = -48 - -75. What is the greatest common factor of b and 63?
9
Suppose -2*k = -3*d + 217, 2*d - 21 - 109 = 5*k. What is the greatest common factor of 315 and d?
15
Let t = 482 + -415. Calculate the greatest common divisor of t and 1139.
67
Let d(k) = k**2 - 17*k + 6. Let a be d(17). Suppose -3*m - 42 = -a*m. What is the highest common factor of m and 2?
2
Let u(i) = 42*i + 12. Let d be u(2). What is the highest common factor of 2 and d?
2
Let m(x) = 71*x**3 - 2*x**2 + 2*x - 1. Let n be m(1). Let p be 2*(4 + 25/(-10)). Suppose 4*b - 28 = p*b. What is the highest common factor of n and b?
14
Let w(n) = -3*n - 19. Let p be w(-10). Suppose -6*r - 350 = -p*r. Calculate the greatest common factor of 10 and r.
10
Suppose -7*u + 100 = -3*u. Let p = -151 + 251. Calculate the greatest common factor of p and u.
25
Suppose 4*p + 4*q - 204 = 0, -10*q - 42 = -p - 8*q. Calculate the highest common factor of 408 and p.
24
Suppose -z = 22 - 152. Calculate the greatest common factor of z and 338.
26
Let u = 8 + -4. Let n = u + -1. Let z be (-47)/282 + (-398)/(-12). Calculate the highest common divisor of z and n.
3
Let s = 70 + -119. Let i be -4 - (6/14 - (-5607)/s). Calculate the highest common factor of i and 44.
22
Let y = 2335 - 1558. What is the highest common factor of y and 21?
21
Let y be (-4)/(-10)*(-60)/4. Let f be y/5*(-120)/16. Let w = -1 - -2. What is the highest common factor of w and f?
1
Suppose -21*z = -733